{"id":172,"date":"2020-03-09T17:38:17","date_gmt":"2020-03-09T20:38:17","guid":{"rendered":"http:\/\/fiziko.net\/?page_id=172"},"modified":"2020-03-09T17:41:31","modified_gmt":"2020-03-09T20:41:31","slug":"lancamento-obliquo","status":"publish","type":"page","link":"https:\/\/fiziko.net\/?page_id=172","title":{"rendered":"Lan\u00e7amento Obl\u00edquo"},"content":{"rendered":"\t\t<div data-elementor-type=\"wp-page\" data-elementor-id=\"172\" class=\"elementor elementor-172\">\n\t\t\t\t\t\t<section class=\"elementor-section elementor-top-section elementor-element elementor-element-148a86f elementor-section-boxed elementor-section-height-default elementor-section-height-default\" data-id=\"148a86f\" data-element_type=\"section\" data-e-type=\"section\">\n\t\t\t\t\t\t<div class=\"elementor-container elementor-column-gap-default\">\n\t\t\t\t\t<div class=\"elementor-column elementor-col-100 elementor-top-column elementor-element elementor-element-85a1aab\" data-id=\"85a1aab\" data-element_type=\"column\" data-e-type=\"column\">\n\t\t\t<div class=\"elementor-widget-wrap elementor-element-populated\">\n\t\t\t\t\t\t<div class=\"elementor-element elementor-element-ebf824b elementor-widget elementor-widget-text-editor\" data-id=\"ebf824b\" data-element_type=\"widget\" data-e-type=\"widget\" data-widget_type=\"text-editor.default\">\n\t\t\t\t<div class=\"elementor-widget-container\">\n\t\t\t\t\t\t\t\t\t<h3><strong><span style=\"color: #000000;\">Atividade de simula\u00e7\u00e3o<\/span><\/strong><\/h3><h3><span style=\"color: #000000;\"><strong>Objetivo:<\/strong> Estudar os movimentos e sua rela\u00e7\u00e3o de independ\u00eancia aplicada ao lan\u00e7amento 2D.<\/span><\/h3><h3 align=\"justify\"><span style=\"color: #000000;\">Considere que dois projetos s\u00e3o lan\u00e7ados simultaneamente de A e B. Na figura \u00e9 mostrado o trajeto e de onde s\u00e3o lan\u00e7ados os projetos.<\/span><\/h3><h3 align=\"justify\"><span style=\"color: #000000;\">Sabendo que o proj\u00e9til A \u00e9 lan\u00e7ado da posi\u00e7\u00e3o H, medida a partir do solo, com inclina\u00e7\u00e3o de 53\u00b0, e com velocidade <span style=\"font-family: Liberation Serif, serif;\"><i>\u03c5<\/i><\/span><sub><span style=\"font-family: Liberation Serif, serif;\"><i>A<\/i><\/span><\/sub><span style=\"font-family: Liberation Serif, serif;\"><i>, <\/i><\/span><span style=\"font-family: Liberation Serif, serif;\">colidindo no ponto P com o proj\u00e9til B, que \u00e9 lan\u00e7ado com velocidade 56,56 m\/s e inclina\u00e7\u00e3o 45\u00b0, determine o valor da velocidade de A \u03c5<\/span><sub><span style=\"font-family: Liberation Serif, serif;\">A<\/span><\/sub><span style=\"font-family: Liberation Serif, serif;\"> e a altura H.<\/span><\/span><\/h3>\t\t\t\t\t\t\t\t<\/div>\n\t\t\t\t<\/div>\n\t\t\t\t\t<\/div>\n\t\t<\/div>\n\t\t\t\t\t<\/div>\n\t\t<\/section>\n\t\t\t\t<section class=\"elementor-section elementor-top-section elementor-element elementor-element-f773eca elementor-section-boxed elementor-section-height-default elementor-section-height-default\" data-id=\"f773eca\" data-element_type=\"section\" data-e-type=\"section\">\n\t\t\t\t\t\t<div class=\"elementor-container elementor-column-gap-default\">\n\t\t\t\t\t<div class=\"elementor-column elementor-col-100 elementor-top-column elementor-element elementor-element-f3c17e5\" data-id=\"f3c17e5\" data-element_type=\"column\" data-e-type=\"column\">\n\t\t\t<div class=\"elementor-widget-wrap elementor-element-populated\">\n\t\t\t\t\t\t<div class=\"elementor-element elementor-element-eba7df9 elementor-widget elementor-widget-image\" data-id=\"eba7df9\" data-element_type=\"widget\" data-e-type=\"widget\" data-widget_type=\"image.default\">\n\t\t\t\t<div class=\"elementor-widget-container\">\n\t\t\t\t\t\t\t\t\t\t\t\t\t\t\t<img fetchpriority=\"high\" decoding=\"async\" width=\"768\" height=\"427\" src=\"https:\/\/fiziko.net\/wp-content\/uploads\/2020\/03\/Lancamento-obliquo-768x427.png\" class=\"attachment-medium_large size-medium_large wp-image-174\" alt=\"\" srcset=\"https:\/\/fiziko.net\/wp-content\/uploads\/2020\/03\/Lancamento-obliquo-768x427.png 768w, https:\/\/fiziko.net\/wp-content\/uploads\/2020\/03\/Lancamento-obliquo-300x167.png 300w, https:\/\/fiziko.net\/wp-content\/uploads\/2020\/03\/Lancamento-obliquo.png 821w\" sizes=\"(max-width: 768px) 100vw, 768px\" \/>\t\t\t\t\t\t\t\t\t\t\t\t\t\t\t<\/div>\n\t\t\t\t<\/div>\n\t\t\t\t\t<\/div>\n\t\t<\/div>\n\t\t\t\t\t<\/div>\n\t\t<\/section>\n\t\t\t\t<section class=\"elementor-section elementor-top-section elementor-element elementor-element-31ebaf4 elementor-section-boxed elementor-section-height-default elementor-section-height-default\" data-id=\"31ebaf4\" data-element_type=\"section\" data-e-type=\"section\">\n\t\t\t\t\t\t<div class=\"elementor-container elementor-column-gap-default\">\n\t\t\t\t\t<div class=\"elementor-column elementor-col-100 elementor-top-column elementor-element elementor-element-03b3294\" data-id=\"03b3294\" data-element_type=\"column\" data-e-type=\"column\">\n\t\t\t<div class=\"elementor-widget-wrap elementor-element-populated\">\n\t\t\t\t\t\t<div class=\"elementor-element elementor-element-88cf28e elementor-widget elementor-widget-text-editor\" data-id=\"88cf28e\" data-element_type=\"widget\" data-e-type=\"widget\" data-widget_type=\"text-editor.default\">\n\t\t\t\t<div class=\"elementor-widget-container\">\n\t\t\t\t\t\t\t\t\t<h3 align=\"justify\"><strong><span style=\"font-family: Liberation Serif, serif; color: #000000;\">No Geogebra<\/span><\/strong><\/h3><h3 align=\"justify\"><span style=\"font-family: Liberation Serif, serif; color: #000000;\">1 \u2013 Usando os valores calculados simule o movimento dos proj\u00e9teis e determine o tempo do movimento, do lan\u00e7amento at\u00e9 a colis\u00e3o entre os blocos.<\/span><\/h3><h3 align=\"justify\"><span style=\"color: #000000;\"><span style=\"font-family: Liberation Serif, serif;\">2 \u2013 <\/span><span style=\"font-family: Liberation Serif, serif;\">Crie o controle deslizante para representar o tempo (0 <\/span><span style=\"font-family: Liberation Serif, serif;\">\u2264<\/span><span style=\"font-family: Liberation Serif, serif;\"> t <\/span><span style=\"font-family: Liberation Serif, serif;\">\u2264<\/span><span style=\"font-family: Liberation Serif, serif;\"> tc), onde tc \u00e9 o tempo decorrido desde o lan\u00e7amento dos proj\u00e9teis at\u00e9 o ponto de colis\u00e3o.<\/span><\/span><\/h3><h3 align=\"justify\"><span style=\"color: #000000;\"><span style=\"font-family: Liberation Serif, serif;\">3 \u2013 Escreva no campo de entrada do Geogebra os valores da velocidade inicial de A \u03c5<\/span><sub><span style=\"font-family: Liberation Serif, serif;\">A<\/span><\/sub><span style=\"font-family: Liberation Serif, serif;\">, velocidade inicial de B \u03c5<\/span><sub><span style=\"font-family: Liberation Serif, serif;\">B<\/span><\/sub><span style=\"font-family: Liberation Serif, serif;\">, posi\u00e7\u00f5es iniciais de A (<\/span><span style=\"font-family: Liberation Serif, serif;\"><i>x<\/i><\/span><sub><span style=\"font-family: Liberation Serif, serif;\"><i>iA<\/i><\/span><\/sub><span style=\"font-family: Liberation Serif, serif;\"><i>, y<\/i><\/span><sub><span style=\"font-family: Liberation Serif, serif;\"><i>iA<\/i><\/span><\/sub><span style=\"font-family: Liberation Serif, serif;\">) e B (<\/span><span style=\"font-family: Liberation Serif, serif;\"><i>x<\/i><\/span><sub><span style=\"font-family: Liberation Serif, serif;\"><i>iB<\/i><\/span><\/sub><span style=\"font-family: Liberation Serif, serif;\"><i>, y<\/i><\/span><sub><span style=\"font-family: Liberation Serif, serif;\"><i>iB<\/i><\/span><\/sub><span style=\"font-family: Liberation Serif, serif;\">), lembre-se que altura do lan\u00e7amento \u00e9 H = <\/span><span style=\"font-family: Liberation Serif, serif;\"><i>y<\/i><\/span><sub><span style=\"font-family: Liberation Serif, serif;\"><i>iA<\/i><\/span><\/sub><span style=\"font-family: Liberation Serif, serif;\"> e os \u00e2ngulos de lan\u00e7amento de A e B, \u03b8<\/span><sub><span style=\"font-family: Liberation Serif, serif;\">A<\/span><\/sub><span style=\"font-family: Liberation Serif, serif;\"> e \u03b8<\/span><sub><span style=\"font-family: Liberation Serif, serif;\">B<\/span><\/sub><span style=\"font-family: Liberation Serif, serif;\"> e a gravidade <\/span><span style=\"font-family: Liberation Serif, serif;\"><i>g<\/i><\/span><span style=\"font-family: Liberation Serif, serif;\">.<\/span><\/span><\/h3><h3 align=\"justify\"><span style=\"color: #000000;\"><span style=\"font-family: Liberation Serif, serif;\">4 \u2013 <\/span><span style=\"font-family: Liberation Serif, serif;\">Escreva as equa\u00e7\u00f5es de trajet\u00f3ria de cada part\u00edcula e transmita para o campo de entrada do Geogebra, escrevendo uma fun\u00e7\u00e3o para cada part\u00edcula, <\/span><span style=\"font-family: Liberation Serif, serif;\"><i>f<\/i><\/span><sub><span style=\"font-family: Liberation Serif, serif;\"><i>A<\/i><\/span><\/sub><span style=\"font-family: Liberation Serif, serif;\"><i>(x)<\/i><\/span><span style=\"font-family: Liberation Serif, serif;\"> e <\/span><span style=\"font-family: Liberation Serif, serif;\"><i>f<\/i><\/span><sub><span style=\"font-family: Liberation Serif, serif;\"><i>B<\/i><\/span><\/sub><span style=\"font-family: Liberation Serif, serif;\"><i>(x).<\/i><\/span><\/span><\/h3><h3 align=\"justify\"><span style=\"color: #000000;\"><span style=\"font-family: Liberation Serif, serif;\">5 \u2013 Escreva as fun\u00e7\u00f5es hor\u00e1rias da posi\u00e7\u00e3o de cada part\u00edcula A(<\/span><span style=\"font-family: Liberation Serif, serif;\"><i>x<\/i><\/span><sub><span style=\"font-family: Liberation Serif, serif;\"><i>A<\/i><\/span><\/sub><span style=\"font-family: Liberation Serif, serif;\"><i>, y<\/i><\/span><sub><span style=\"font-family: Liberation Serif, serif;\"><i>A<\/i><\/span><\/sub><span style=\"font-family: Liberation Serif, serif;\">) e B(<\/span><span style=\"font-family: Liberation Serif, serif;\"><i>x<\/i><\/span><sub><span style=\"font-family: Liberation Serif, serif;\"><i>B, <\/i><\/span><\/sub><span style=\"font-family: Liberation Serif, serif;\"><i>y<\/i><\/span><sub><span style=\"font-family: Liberation Serif, serif;\"><i>B<\/i><\/span><\/sub><span style=\"font-family: Liberation Serif, serif;\">).<\/span><\/span><\/h3><h3 align=\"justify\"><span style=\"font-family: Liberation Serif, serif; color: #000000;\">6 \u2013 Crie dois pontos e atribua \u00e0s coordenadas dos pontos as fun\u00e7\u00f5es hor\u00e1rias das part\u00edculas.<\/span><\/h3><h3 align=\"justify\"><span style=\"font-family: Liberation Serif, serif; color: #000000;\">7 \u2013 Teste a simula\u00e7\u00e3o.<\/span><\/h3>\t\t\t\t\t\t\t\t<\/div>\n\t\t\t\t<\/div>\n\t\t\t\t\t<\/div>\n\t\t<\/div>\n\t\t\t\t\t<\/div>\n\t\t<\/section>\n\t\t\t\t<\/div>\n\t\t","protected":false},"excerpt":{"rendered":"<p>Atividade de simula\u00e7\u00e3o Objetivo: Estudar os movimentos e sua rela\u00e7\u00e3o de independ\u00eancia aplicada ao lan\u00e7amento 2D. Considere que dois projetos s\u00e3o lan\u00e7ados simultaneamente de A e B. Na figura \u00e9 mostrado o trajeto e de onde s\u00e3o lan\u00e7ados os projetos. Sabendo que o proj\u00e9til A \u00e9 lan\u00e7ado da posi\u00e7\u00e3o H, medida a partir do solo,&hellip; <br \/> <a class=\"read-more\" href=\"https:\/\/fiziko.net\/?page_id=172\">Leia mais<\/a><\/p>\n","protected":false},"author":1,"featured_media":0,"parent":0,"menu_order":0,"comment_status":"closed","ping_status":"closed","template":"","meta":{"footnotes":""},"class_list":["post-172","page","type-page","status-publish","hentry"],"_links":{"self":[{"href":"https:\/\/fiziko.net\/index.php?rest_route=\/wp\/v2\/pages\/172","targetHints":{"allow":["GET"]}}],"collection":[{"href":"https:\/\/fiziko.net\/index.php?rest_route=\/wp\/v2\/pages"}],"about":[{"href":"https:\/\/fiziko.net\/index.php?rest_route=\/wp\/v2\/types\/page"}],"author":[{"embeddable":true,"href":"https:\/\/fiziko.net\/index.php?rest_route=\/wp\/v2\/users\/1"}],"replies":[{"embeddable":true,"href":"https:\/\/fiziko.net\/index.php?rest_route=%2Fwp%2Fv2%2Fcomments&post=172"}],"version-history":[{"count":3,"href":"https:\/\/fiziko.net\/index.php?rest_route=\/wp\/v2\/pages\/172\/revisions"}],"predecessor-version":[{"id":176,"href":"https:\/\/fiziko.net\/index.php?rest_route=\/wp\/v2\/pages\/172\/revisions\/176"}],"wp:attachment":[{"href":"https:\/\/fiziko.net\/index.php?rest_route=%2Fwp%2Fv2%2Fmedia&parent=172"}],"curies":[{"name":"wp","href":"https:\/\/api.w.org\/{rel}","templated":true}]}}